51 - -156) - (1 + -10)?
-124
What is the value of -46 + -47 + 103 - (10 - 1)?
1
Calculate -297 - -309 - (-19 + 15 - (4 + -3 + 32)).
49
Calculate (14 - (-11 - (-8 - 8))) + 1 + 1 + 12.
23
Calculate 56 - 62 - (0 + 4 + -84 - (2 + 1)).
77
What is the value of 38 + -25 - (12 + -1)?
2
What is the value of (10 - (-9 - (-11 - 3))) + -4?
1
What is the value of (-182 + 23 - -181) + 33 + 0?
55
Evaluate -12 - (-19 + 6) - -3 - (-22 - -22).
4
Evaluate 84 - ((78 - 77) + -6 - (5 - (-2 - -1))).
95
-80 - (157 + -40 + -41 + -42)
-114
-3 - (-7 - -2) - 14 - (58 - (17 - 25))
-78
Calculate 57 - (2 + 6 + -2) - (-46 - -1 - -56).
40
What is the value of (0 - 5) + (11 - (4 - 4))?
6
What is (-19 - (-26 + 18)) + (-92 - 1) + 16 + -8?
-96
What is the value of -145 + -1 - (12218 - 12310)?
-54
Calculate 11 + (140 + -166 - (0 + 21)).
-36
Calculate -88 - -47 - 7 - (2 - (17 - 1)).
-34
1 + (5 - -24) + 27
57
What is the value of 4 + -16 + 2 - (26 - 41)?
5
What is the value of 1 - 1 - -12 - (9123 - 8998)?
-113
Evaluate (85 - 12) + -57 + -11 + -4 + 3 + -69.
-65
What is the value of 53 - (-65 + 90 + 42)?
-14
What is 48 + 93 + -60 + 7?
88
What is 13 + 9 + (-8 - 27 - -10 - -13)?
10
What is 7 - (-19 - (2 - 24)) - (1 + -13)?
16
What is 38 - (28 - (-10 - 9))?
-9
(6 - 76 - (-23 + 19 + 4)) + 2
-68
What is the value of (-12 - 57) + (114 - 32)?
13
-1 + (14 - (14 + -5)) + 212 + -147
69
89 + -141 - (-70 + 7)
11
(1467 + -1445 - (-1 - 5 - -2)) + -4
22
What is -84 - 3 - (-28 + (-31 - -58) - 7)?
-79
(3 - (2 - -1)) + 9 - (14 + 4)
-9
Calculate -5 + 0 + (28 - (19 + 25 - 4)).
-17
(11 - -1) + (-25 - -14) + -6 - (-2 + -68)
65
22 + (-22 + 56 - (6 - -10))
40
Evaluate 132 + -108 + -64 + 116.
76
What is the value of 204 - (91 + 137) - (1 + 22)?
-47
Evaluate 29 + -20 - -64 - 66.
7
Calculate (-6 - (1 - 1)) + 0 + 31 - -3.
28
What is 3 + (0 + 0 - (-28 + -1) - -12)?
44
115 + 4 + -193 + 82
8
What is (20 - 21 - -31) + -14?
16
Calculate -31 + 1 + 65 + -67 + -3.
-35
What is (-1219 - -1205) + (2 - (0 + -41))?
29
What is (63 - (8 + 8)) + 2 + -3 + 11?
57
What is the value of 130 + -64 - (5 + (-22 - (-8 + 8)))?
83
4 + (-8 - (11 - (10 + 8))) + 82 - 2
83
What is 80 + -204 - (2 + -79)?
-47
Calculate 8 + -1 + -1073 + 1057.
-9
What is the value of 7 - (8 + 16 + -14) - 10 - 111 - 14?
-138
Calculate (-3 - -1 - (-48 + 129 - 84)) + -7 + 0.
-6
13 + (-58 + 58 - 20 - (0 - 9))
2
What is -43 + (33 + -45 - 17) + 1?
-71
Calculate -143 + 226 + -113 + (1 - 59).
-88
What is the value of 2 + 20 + -291 + 460 + -215?
-24
Calculate -20 - (3 + -6 + 10 - 5) - (-13 - -18).
-27
Calculate -49 + 3 + 406 + -333 - (0 + 4).
23
What is the value of 0 + 69 + -38 + (85 - 56)?
60
Evaluate 68 - 26 - -5 - 4.
43
Calculate -194 - -249 - (11 + 13 + -9 + 2).
38
Calculate 12 - (-22 + 25 - 5) - (-23 + -4).
41
What is 17 + (0 - -15 - (65 + (-50 - 11)))?
28
What is -29 - -50 - 40 - (85 + -2)?
-102
Calculate 44 + -171 + 110 - -100.
83
79 - (-3323 + 3245 - (1 + -38))
120
Calculate 12 + (-127 - -47) - (-19 - -41).
-90
(26 - -1) + 816 + -368 + -460
15
What is the value of (21 - -168 - 76) + -42?
71
What is 13 + 22 + (1 - 0)?
36
What is the value of 5 + 0 - (2 + 9 - (-81 - (-18 - 81)))?
12
What is 19 - ((-60 - -27) + -4) - 17?
39
Evaluate 0 + 47 + (52 - 44) + (-19 - -2) - 1.
37
What is the value of -11 + (10 - 58) - (-15 - (10 + -14))?
-48
-7 + 15 + (-32 - 7)
-31
6 + 8 + -12 + (7 - (-61 + -5))
75
What is the value of 30 + (7 - 9) + 32?
60
What is the value of (0 - (-6 + 9 - 10) - 25) + 11?
-7
-2157 + 2204 - (-4 - (6 - 2 - 1))
54
Calculate (-1 - (-1 - -4)) + 3 + (40 - 7) + -38.
-6
Calculate 3 + (-1 - -1) + 249 + (-52 - 210).
-10
7 + 2 + -2 + 56 + (-32 - -8) + 26
65
Evaluate (-2 - -1 - -10) + (-67 - (-67 - -12)).
-3
Evaluate -58 - -48 - (6 - -2) - -44.
26
What is (-25 - (-5 + (21 - -3))) + 2?
-42
22 + 21 + -38 + (2 + 1 - 3 - 54)
-49
What is -8 + 73 - 41 - (16 - -133)?
-125
What is -372 - -358 - (14 + 0)?
-28
What is 73 + (884 - 898) + (0 - -9)?
68
What is (30 - (3 + -5)) + 14 + -28?
18
Evaluate (-2 + 0 + -2 - 0) + (-2555 - -2549).
-10
-73 + 0 + 1 + (-56 - -109) + 3 + -64
-80
Evaluate 30 + (-9 - -1 - (16 + 39 + -78)).
45
Evaluate -13 + (14 - -4) + -4 + -3 + -6.
-8
Evaluate (-9 - -26) + -72 + (-3 + -2 - (1 - 14)).
-47
What is 13 + (21 - 8) + -40 + 25 + 34?
45
Evaluate 179 + -219 - (3 + 9).
-52
Evaluate (66 - 99) + (0 - 22).
-55
What is (22 + -31 - -122) + -38?
75
Evaluate -3 + -20 - (2 + (-2 + 3 - 5) - 6).
-15
What is the value of 224 - (72 - -23) - 117?
12
What is the value of -64 + 2 + 15 + 30?
-17
(-2433 - -2426) + (68 - -2)
63
Calculate (2679 - 2664) + 0 + 1 - -71.
87
Evaluate 22 + -17 + -21 + ((6 - 0) + -55 - 8).
-73
What is the value of 20 - (-8 + -2 + 14 - (-19 + 26))?
23
What is 9 - ((5 - 4) + 2 + (9 - (27 - 6)))?
18
What is the value of 17 - (9 - (11 + 13 + (-26 - -18)))?
24
Calculate 2 - (-2 - 17 - (-13 + -6)).
2
Evaluate 8 - ((-74 - -32 - 27) + -39).
116
Calculate (14 - ((-1688 - -1685) + -22 + (1 - 0))) + 10.
48
Evaluate 31 + (40 - 18) + (6 - (-1 - 1)).
61
What is the value of -2 + (11 - (-4 - -5)) + (4 - 8)?
4
1 + 39 + (2 - (-3 - (2 + -6))) + -1
40
Calculate (77 - 34) + (0 - -1).
44
What is 220 + -221 - (42 + 3)?
-46
(-9 - ((-15 - -14) + -7 + -8)) + (-43 - 2)
-38
What is 0 + -36 + 15 - 15?
-36
What is the value of (8 - -1) + 59 + (-49 - 7)?
12
What is 37 + (-4 - (3 + -7)) - ((6 - 35) + 37)?
29
What is -19 + -56 + 65 + 27?
17
What is -88 - (-74 + 16) - -131 - (-10 - -1)?
110
Evaluate 9 - (-59 + 46) - 84.
-62
Evaluate -11 - (-10 + 18 + -9) - ((6 - 91) + -6).
81
What is the value of -5 + -5 + 6 + -33 + (536 - 529)?
-30
Calculate (378 - 389) + (8 + -48 - 3).
-54
What is 21 + -11 + 1 + (12 - 8) - 17?
-2
What is -18 - -3 - (17 + 27 - (21 + -13))?
-51
25 + (12 - (-10 + (2 - -12))) + (58 - 45)
46
8 + (61 - -12) + 8 + 0 + -11
78
What is 6 + -10 - (29 + 1 - (-256 - -276))?
-14
Evaluate -41 - (-63 + 64 + 10).
-52
Calculate -1 + (39 - 97) + 93.
34
Evaluate -197 + 147 + (-3 - -6 - -4).
-43
What is the value of 0 + 7 - 0 - (18 + (-4 - (-72 + 27)))?
-52
What is 50 - (3 + -1 + 3 + -87 + (67 - -20))?
45
Evaluate 32 - (-88 - -14 - -18).
88
Calculate ((63 - 31) + 16 - 23) + 45.
70
What is (-69 + -83 - -136) + 16?
0
0 - (-17 - (13 + 14 + -64))
-20
Calculate 31 + -51 + 54 + -48.
-14
What is (-31 - -12 - -96) + -62?
15
What is the value of -3 + -1 + -37 + -42 + 57 - (2 - 1)?
-27
Calculate 60 - (-17 + -20 + 43) - (-15 + 1).
68
What is (7 - 43) + -57 + 93?
0
What is -2 + -8 + -3 - (314 + -334)?
7
Calculate 60 + ((-11 + -3 - -4) + 5 - 5).
50
What is the value of 48 - (-15 + -26 - -60)?
29
Evaluate 41 - ((5 - 15) + (1 - -6) + 2) - 4.
38
Evaluate -82 + 28 + (22 - 9).
-41
-5 + 0 + -1 + -12 + 2 - -5
-11
What is the value of 10 - ((-49 - -44 - 8) + (0 - -4) + -14)?
33
What is the value of (19 - 12 - 26) + (10 - -3 - -39)?
33
717 + -641 - (-3 - -50)
29
Evaluate 3 + 1 - (-10 + -57 + 57) - -66.
80
What is 30 - 3 - ((13 - (5 - 4)) + -1)?
16
What is (5 - 105) + 1 + -63 + 88 + -11?
-85
Evaluate -16 - -11 - (-2 + 5) - (226 - 263).
29
Calculate 21 - 1 - (-558 + 678 - (-41 + 3)).
-138
What is the value of -136 + 2 - (12 + (-21 - (0 - 13)))?
-138
Calculate 12 + -28 + 7 + 2 + (-45 - -5) + 2.
-45
What is the value of (-81 + 81 - (-49 + 5)) + -9?
35
What is the value of 103 - (66 - -211 - 98)?
-76
What is the value of 19 + 87 + -30 + -21 + 27?
82
Evaluate (-29 - -59 - 68) + 6.
-32
What is (-66 - -30) + 49 + (-3 + 7 - 2)?
15
What is -20 + (49 - -7 - (-5 + -1))?
42
Evaluate 37 + 22 + (64 - 24) + -20 + (0 - 1).
78
54 - (-7 + (13 - (27 - 12)))
63
What is the value of (-9 - -9 - -8 - -8) + -55 + 54 - 12?
3
Calculate -16 + 8 + (21 - 28) + 7.
-8
(9 - (22 + -7)) + -67
-73
What is (1 + 1 - (-16 - -28)) + 60?
50
Evaluate -174 - -174 - (40 - -14).
-54
What is 83 + -54 - 43 - (-3 + -92)?
81
What is -120 - -107 - (-30 + 70)?
-53
Evaluate -78 + 210 + -90 + 47.
89
Evaluate 0 - ((3 - 2) + -22) - (-38812 + 38817).
16
What is 1334 + -1265 - (19 - -3)?
47
Evaluate (15 - -244) + (-181 - -43).
121
What is -16 + (3 - (1 + -1) - (-118 + 147))?
-42
What is -53 + 1 - ((-6 - 16) + (30 - 10)) - 2?
-52
Evaluate 8 + (69 + (-9 - -4) - (-52 - -33)).
91
What is 23 + -8 - (105 - 89) - -97?
96
What is the value of 132 + -103 - 141 - -73?
-39
What is the value of 1 + -105 + (34 - -55 - 92)?
-107
What is -17 + (31 + -19 + -3 - (3 + -4)